 by 15938?
340
What is the remainder when 49107 is divided by 248?
3
What is the remainder when 9344 is divided by 1456?
608
Calculate the remainder when 49268 is divided by 8139.
434
Calculate the remainder when 17142 is divided by 243.
132
Calculate the remainder when 5000 is divided by 1590.
230
What is the remainder when 1073876 is divided by 327?
8
Calculate the remainder when 2310 is divided by 385.
0
Calculate the remainder when 9943 is divided by 195.
193
Calculate the remainder when 8736 is divided by 220.
156
Calculate the remainder when 32315 is divided by 929.
729
What is the remainder when 11770 is divided by 1177?
0
Calculate the remainder when 2033412 is divided by 98.
10
What is the remainder when 19354 is divided by 239?
234
What is the remainder when 65365 is divided by 37?
23
Calculate the remainder when 1501 is divided by 146.
41
Calculate the remainder when 67158 is divided by 281.
280
What is the remainder when 404 is divided by 103?
95
Calculate the remainder when 37706 is divided by 2889.
149
Calculate the remainder when 2431 is divided by 271.
263
Calculate the remainder when 34967 is divided by 330.
317
What is the remainder when 1123174 is divided by 12?
10
What is the remainder when 10060 is divided by 253?
193
Calculate the remainder when 1726 is divided by 647.
432
Calculate the remainder when 21034 is divided by 873.
82
Calculate the remainder when 192048 is divided by 115.
113
What is the remainder when 114 is divided by 109?
5
What is the remainder when 46811 is divided by 1069?
844
Calculate the remainder when 8962 is divided by 5.
2
Calculate the remainder when 165577 is divided by 82764.
49
Calculate the remainder when 29295 is divided by 65.
45
What is the remainder when 660 is divided by 100?
60
What is the remainder when 46115 is divided by 107?
105
What is the remainder when 15137 is divided by 970?
587
Calculate the remainder when 76620 is divided by 2133.
1965
Calculate the remainder when 18994 is divided by 792.
778
Calculate the remainder when 233639 is divided by 1016.
975
What is the remainder when 2523652 is divided by 395?
392
What is the remainder when 62872 is divided by 3140?
72
Calculate the remainder when 74442 is divided by 10633.
11
What is the remainder when 114749 is divided by 4413?
11
Calculate the remainder when 5677 is divided by 103.
12
What is the remainder when 43063 is divided by 242?
229
Calculate the remainder when 10905 is divided by 352.
345
What is the remainder when 12665 is divided by 703?
11
What is the remainder when 4750 is divided by 82?
76
What is the remainder when 13551 is divided by 1225?
76
Calculate the remainder when 11091 is divided by 231.
3
Calculate the remainder when 387758 is divided by 105.
98
Calculate the remainder when 12649 is divided by 13.
0
What is the remainder when 1090811 is divided by 10800?
11
What is the remainder when 7086 is divided by 3494?
98
Calculate the remainder when 442841 is divided by 4258.
9
What is the remainder when 25279 is divided by 4210?
19
What is the remainder when 1507888 is divided by 7?
4
Calculate the remainder when 7885 is divided by 3903.
79
What is the remainder when 13965 is divided by 2325?
15
What is the remainder when 77148 is divided by 15428?
8
What is the remainder when 449897 is divided by 652?
17
Calculate the remainder when 366514 is divided by 18.
16
What is the remainder when 95 is divided by 57?
38
Calculate the remainder when 103738 is divided by 402.
22
Calculate the remainder when 49703 is divided by 814.
49
Calculate the remainder when 13750 is divided by 864.
790
What is the remainder when 181021 is divided by 242?
5
Calculate the remainder when 370590 is divided by 721.
717
Calculate the remainder when 1018 is divided by 849.
169
Calculate the remainder when 203988 is divided by 2684.
4
What is the remainder when 1223917 is divided by 166?
165
What is the remainder when 1017590 is divided by 636?
626
Calculate the remainder when 60124 is divided by 12019.
29
Calculate the remainder when 280 is divided by 114.
52
Calculate the remainder when 7167 is divided by 434.
223
Calculate the remainder when 3973 is divided by 682.
563
Calculate the remainder when 17736 is divided by 8862.
12
Calculate the remainder when 79118 is divided by 86.
84
Calculate the remainder when 8442 is divided by 98.
14
What is the remainder when 29268 is divided by 731?
28
Calculate the remainder when 460042 is divided by 18.
16
What is the remainder when 1255143 is divided by 78446?
7
What is the remainder when 11248 is divided by 168?
160
Calculate the remainder when 394284 is divided by 16.
12
Calculate the remainder when 1099351 is divided by 57860.
11
Calculate the remainder when 1431 is divided by 101.
17
What is the remainder when 35523 is divided by 93?
90
Calculate the remainder when 17740 is divided by 1182.
10
Calculate the remainder when 448215 is divided by 313.
312
Calculate the remainder when 5917 is divided by 38.
27
Calculate the remainder when 2666 is divided by 72.
2
Calculate the remainder when 12445 is divided by 4122.
79
What is the remainder when 15788 is divided by 1227?
1064
Calculate the remainder when 27876 is divided by 309.
66
Calculate the remainder when 21731 is divided by 39.
8
Calculate the remainder when 1080 is divided by 24.
0
What is the remainder when 11511 is divided by 172?
159
What is the remainder when 65330 is divided by 79?
76
What is the remainder when 186407 is divided by 108?
107
Calculate the remainder when 144959 is divided by 395.
389
Calculate the remainder when 3206 is divided by 17.
10
Calculate the remainder when 2401 is divided by 393.
43
Calculate the remainder when 12232 is divided by 3805.
817
What is the remainder when 15772 is divided by 464?
460
What is the remainder when 10020 is divided by 370?
30
What is the remainder when 17099 is divided by 11?
5
Calculate the remainder when 8186 is divided by 373.
353
Calculate the remainder when 49426 is divided by 317.
291
Calculate the remainder when 829189 is divided by 68.
65
Calculate the remainder when 5624 is divided by 2754.
116
What is the remainder when 3082 is divided by 238?
226
What is the remainder when 281819 is divided by 132?
131
What is the remainder when 1556 is divided by 1518?
38
What is the remainder when 1768417 is divided by 29?
26
Calculate the remainder when 1650 is divided by 1648.
2
Calculate the remainder when 120796 is divided by 105.
46
Calculate the remainder when 26981 is divided by 35.
31
What is the remainder when 99515 is divided by 2369?
17
What is the remainder when 1471 is divided by 22?
19
What is the remainder when 31626 is divided by 2871?
45
What is the remainder when 36791 is divided by 43?
26
What is the remainder when 39880 is divided by 19?
18
What is the remainder when 6803 is divided by 178?
39
Calculate the remainder when 1505926 is divided by 11.
4
What is the remainder when 828 is divided by 780?
48
Calculate the remainder when 23747 is divided by 166.
9
What is the remainder when 12453 is divided by 41?
30
What is the remainder when 21514 is divided by 340?
94
Calculate the remainder when 4108 is divided by 4059.
49
Calculate the remainder when 103000 is divided by 73.
70
Calculate the remainder when 101823 is divided by 101792.
31
Calculate the remainder when 14176 is divided by 48.
16
What is the remainder when 8475 is divided by 3?
0
What is the remainder when 83 is divided by 7?
6
What is the remainder when 846696 is divided by 23?
20
What is the remainder when 5425527 is divided by 11?
8
Calculate the remainder when 20530 is divided by 10239.
52
Calculate the remainder when 13644 is divided by 42.
36
Calculate the remainder when 5936 is divided by 2110.
1716
What is the remainder when 270483 is divided by 19?
18
What is the remainder when 3501 is divided by 388?
9
Calculate the remainder when 52861 is divided by 3303.
13
What is the remainder when 93012 is divided by 265?
262
Calculate the remainder when 7806 is divided by 35.
1
What is the remainder when 1196467 is divided by 1211?
1210
What is the remainder when 3142 is divided by 669?
466
What is the remainder when 423105 is divided by 138?
135
What is the remainder when 163256 is divided by 6279?
2
Calculate th